e number?
True
Is 47 prime?
True
Is 7001 a composite number?
False
Is 15299 a prime number?
True
Is 1066847 prime?
True
Is 9897 a composite number?
True
Is 326635 composite?
True
Is 15869 prime?
False
Is 282721 a composite number?
True
Is 1055 a prime number?
False
Is 877 a composite number?
False
Is 1373129 composite?
False
Is 66911 a prime number?
False
Is 7211 composite?
False
Is 68567 a composite number?
False
Is 27179 a prime number?
True
Is 8579 prime?
False
Is 14939 a composite number?
False
Is 1067 prime?
False
Is 1277 a prime number?
True
Is 2720695 prime?
False
Is 26309 a prime number?
True
Is 25989 composite?
True
Is 14191 a prime number?
False
Is 711383 a composite number?
True
Is 11345 composite?
True
Is 26627 a composite number?
False
Is 18229 a composite number?
False
Is 2569145 a composite number?
True
Is 572647 prime?
False
Is 26557 prime?
True
Is 6982 prime?
False
Is 1018909 composite?
True
Is 10951 a composite number?
True
Is 18947 composite?
False
Is 2231 a prime number?
False
Is 1409803 prime?
True
Is 42857 a prime number?
False
Is 17191 a prime number?
True
Is 9733 a prime number?
True
Is 40423 a prime number?
True
Is 7057 prime?
True
Is 6899 composite?
False
Is 106619 prime?
True
Is 1465 a composite number?
True
Is 629 composite?
True
Is 488381 prime?
True
Is 1066847 a composite number?
False
Is 6521 composite?
False
Is 1591783 a composite number?
False
Is 226231 a prime number?
True
Is 18859 prime?
True
Is 80429 composite?
False
Is 591043 prime?
False
Is 637271 prime?
True
Is 63445 a prime number?
False
Is 821263 prime?
True
Is 25249 a composite number?
True
Is 44353 composite?
True
Is 32347 composite?
True
Is 36181 prime?
False
Is 269257 a composite number?
False
Is 337781 a prime number?
True
Is 103318 a prime number?
False
Is 1651 prime?
False
Is 488861 a composite number?
False
Is 25778 composite?
True
Is 2287 prime?
True
Is 1114 a prime number?
False
Is 78307 prime?
True
Is 33343 composite?
False
Is 515507 a prime number?
True
Is 1964617 a composite number?
False
Is 1801 a composite number?
False
Is 2231 prime?
False
Is 953 a prime number?
True
Is 815767 prime?
False
Is 446 prime?
False
Is 5501 prime?
True
Is 733097 a prime number?
True
Is 952619 a composite number?
False
Is 239873 prime?
True
Is 125061 prime?
False
Is 132911 a composite number?
False
Is 510787 a prime number?
False
Is 10589 prime?
True
Is 509219 composite?
True
Is 1727 a prime number?
False
Is 63914 prime?
False
Is 152833 a composite number?
False
Is 6947 a composite number?
False
Is 2897 composite?
False
Is 44467 a composite number?
True
Is 51469 prime?
False
Is 6287 a composite number?
False
Is 306149 a composite number?
False
Is 16081 a composite number?
True
Is 7477 composite?
False
Is 1711 prime?
False
Is 437 a prime number?
False
Is 365291 composite?
False
Is 76009 a composite number?
True
Is 681673 composite?
False
Is 276073 composite?
True
Is 151337 composite?
False
Is 47981 prime?
True
Is 77541 prime?
False
Is 138085 a composite number?
True
Is 142161 composite?
True
Is 10831 composite?
False
Is 229247 a composite number?
False
Is 218651 prime?
True
Is 110869 prime?
False
Is 7781 a prime number?
False
Is 158243 a prime number?
True
Is 22569 composite?
True
Is 64849 a composite number?
False
Is 70931 a composite number?
True
Is 5897 a composite number?
False
Is 37781 a prime number?
True
Is 118127 a prime number?
True
Is 25853 prime?
False
Is 274103 a composite number?
False
Is 320899 a prime number?
True
Is 7717 a prime number?
True
Is 806737 a prime number?
True
Is 92329 a prime number?
False
Is 1092893 prime?
True
Is 100019 a prime number?
True
Is 676301 prime?
False
Is 9277 prime?
True
Is 1096409 prime?
False
Is 40603 prime?
False
Is 10319 a composite number?
True
Is 980773 a composite number?
False
Is 158459 prime?
False
Is 4591 composite?
False
Is 47113 composite?
True
Is 13047 a composite number?
True
Is 17723 prime?
False
Is 6521 a prime number?
True
Is 2333 a prime number?
True
Is 647 prime?
True
Is 1287661 a composite number?
False
Is 10643 a composite number?
True
Is 549911 composite?
False
Is 10167 a prime number?
False
Is 541 composite?
False
Is 9461 prime?
True
Is 35177 a composite number?
True
Is 44567 prime?
False
Is 199003 a composite number?
True
Is 535099 prime?
True
Is 81281 composite?
False
Is 19373 composite?
False
Is 44969 prime?
False
Is 28343 a composite number?
True
Is 404087 a composite number?
True
Is 39359 composite?
False
Is 1259 prime?
True
Is 2023783 a prime number?
True
Is 18331 a composite number?
True
Is 60982 prime?
False
Is 3989 composite?
False
Is 46807 a composite number?
False
Is 305093 a prime number?
True
Is 32603 a prime number?
True
Is 1051387 a prime number?
False
Is 5039 a prime number?
True
Is 64739 prime?
False
Is 7513 a composite number?
True
Is 50951 a composite number?
False
Is 10831 composite?
False
Is 10511 prime?
False
Is 66277 a composite number?
True
Is 11057 composite?
False
Is 11113 prime?
True
Is 333181 a composite number?
True
Is 2274221 prime?
True
Is 93191 composite?
True
Is 15286 composite?
True
Is 45161 prime?
True
Is 469363 a prime number?
True
Is 9655 composite?
True
Is 50069 composite?
False
Is 18539 a prime number?
True
Is 7039 composite?
False
Is 9733 composite?
False
Is 25199 a prime number?
False
Is 14779 a prime number?
True
Is 612713 a composite number?
False
Is 13537 prime?
True
Is 24305 a prime number?
False
Is 107093 prime?
False
Is 4201 composite?
False
Is 103001 a composite number?
False
Is 5513 a composite number?
True
Is 1888165 prime?
False
Is 215377 composite?
True
Is 492017 composite?
False
Is 10261 composite?
True
Is 6437 composite?
True
Is 4751 prime?
True
Is 609221 a prime number?
True
Is 43895 composite?
True
Is 505373 prime?
False
Is 60485 composite?
True
Is 16477 prime?
True
Is 3027 prime?
False
Is 6997 a composite number?
False
Is 60191 a composite number?
True
Is 1096385 composite?
True
Is 62509 a composite number?
True
Is 5939 a prime number?
True
Is 129001 a prime number?
True
Is 34171 prime?
True
Is 20323 a prime number?
True
Is 159899 a composite number?
False
Is 7817 composite?
False
Is 23099 prime?
True
Is 1851803 prime?
True
Is 24027 composite?
True
Is 374429 a prime number?
False
Is 77009 composite?
True
Is 325961 a prime number?
False
Is 31967 a prime number?
False
Is 7243 a prime number?
True
Is 1366 prime?
False
Is 7111 a composite number?
True
Is 200513 composite?
False
Is 11981 composite?
False
Is 46651 composite?
True
Is 9983 prime?
False
Is 33622 prime?
False
Is 121039 a prime number?
True
Is 11819 a composite number?
True
Is 14683 composite?
False
Is 78397 a composite number?
True
Is 43379 a prime number?
False
Is 3957 prime?
False
Is 49097 a composite number?
True
Is 512569 prime?
True
Is 21751 a composite number?
False
Is 59759 a composite number?
True
Is 293021 a composite number?
False
Is 1013399 composite?
False
Is 9781 prime?
True
Is 26139 prime?
False
Is 6865231 prime?
True
Is 1517 prime?
False
Is 3695 composite?
True
Is 90329 a prime number?
False
Is 31273 a composite number?
True
Is 512969 composite?
True
Is 4569 prime?
False
Is 17795 a prime number?
False
Is 296119 composite?
True
Is 219757 composite?
False
Is 336263 a composite number?
False
Is 13289 a composite number?
True
Is 459257 prime?
True
Is 97135 composite?
True
Is 176363 a prime number?
False
Is 134049 a composite number?
True
Is 18787 composite?
False
Is 228667 prime?
False
Is 1055 a composite number?
True
Is 56299 composite?
False
Is 2203 a prime number?
True
Is 74231 a composite number?
False
Is 1213427 prime?
True
Is 67701 composite?
True
Is 48277 a prime number?
False
Is 66085 a composite number?
True
Is 205822 prime?
False
Is 89423 a prime number?
False
Is 468163 a prime number?
False
Is 4547 composite?
False
Is 627951 a composite number?
True
Is 36779 a composite number?
False
Is 12841 composite?
False
Is 10753 prime?
True
Is 46385 a composite number?
True
Is 1543 composite?
False
Is 142391 prime?
True
Is 29629 prime?
True
Is 122079 prime?
False
Is 13535 prime?
False
Is 798533 a composite number?
False
Is 74486 composite?
True
Is 135829 prime?
True
Is 97459 a prime number?
True
Is 69241 a composite number?
True
Is 9661 prime?
True
Is 11963 composite?
T